 (3 - (6 - (-5 - -11))).
9
What is -493 + 496 + (-2 - (1 + -2) - -7)?
9
Evaluate -41 + (27 - -27) - (1 - 7).
19
-72 - -86 - (21 + 8)
-15
Evaluate -2 - ((-7 - (-1 + 4)) + (15 - 14)).
7
-8 + (-25 - -25 - (5 - 1) - 1)
-13
Calculate 5 - (-14 + 33) - -22.
8
What is 19 - (8 - (-1 + -3 - 0 - -6))?
13
What is -16 + 16 - (10 + -1) - (-43 + -3)?
37
Evaluate 27 + -13 + -10 - (-2 - -19).
-13
Calculate (11 - (13 + (1 - -4))) + 25.
18
Evaluate (-14 - -2) + 17 - -3.
8
What is the value of 3 + 21 - 3 - (-30 - (-41 - -19))?
29
(-7 - -8 - 5) + 9 + (-3 - -1)
3
Calculate -7 + 2 + -7 + 12 + -9 - 10.
-19
What is -19 + 11 + 12 - -1?
5
What is (0 - 17) + 20 + -14 + -2?
-13
Evaluate (-2 - 8 - -5 - -5) + -14.
-14
Calculate -17 + 57 + -10 + -61.
-31
-7 + -11 + (0 + 4 - -9)
-5
Evaluate -22 + 1 + -36 + 37.
-20
What is the value of -3 + 12 - (-5 - (15 + -9))?
20
(5 - (11 - 6)) + (-5 + -16 - -6)
-15
What is (27 - (-11 - (-5 - 3))) + -3 + -6?
21
What is the value of -3 + -2 + (1 - -2) + (-11 - -5)?
-8
What is the value of -24 - -31 - (12 - -10)?
-15
Calculate (9 - 0) + (-15 - 7).
-13
Evaluate (-1 + 4 - 3) + 11 + -1.
10
What is the value of 10 + -27 + 15 + -3 + 11?
6
Calculate 9 - (2 + -6) - (10 - (1 + 5)).
9
-24 - -23 - (2 + 1)
-4
(8 - -1) + (363 - 380)
-8
What is (6 + -5 - (-8 + 12)) + 6 + -11?
-8
Evaluate (-5 - -1 - ((4 - 15) + 10)) + 6.
3
24 + -6 + -14 - ((2 - 3) + 5)
0
2 + -6 + (8 - -2) + (-1 - 0)
5
Evaluate (13 - 2) + -127 + 149 - 12.
21
What is the value of (-2503 - -2511) + 3 + -1 + 8?
18
Calculate (8 - 1) + (13 + -26 - -22) + -33.
-17
7 + (-4 - 0) + (52 - 54)
1
What is the value of 51 + -26 - 26 - (-11 + 0)?
10
Evaluate -25 + (2 - 19) + 21.
-21
Calculate 75 + -70 + 2 + (3 + -1 - 4).
5
What is the value of 7 + -20 - (-4 - 23) - (-1 - -8)?
7
Calculate 35 - (20 + (15 - 9 - 20)).
29
What is the value of -1 - -13 - (31 + -1 + -47)?
29
Evaluate 10 + -2 - (8 + -8).
8
44 + -15 + -5 + (3 - (-3 - -3))
27
1 + -3 + 5 + (1 - (12 + -7))
-1
What is the value of -1 - (-4 - (11 - 9))?
5
What is (260 - 266) + -1 + -2?
-9
What is the value of 7 + -3 + (-14 - -14 - (1 - -2))?
1
22 + -31 - (-3 + 0 + 3 + 7)
-16
What is the value of 4 + -1 + (13 - 6 - -2)?
12
What is the value of -4 + (-8 - 9 - -6) + 1?
-14
Calculate 6 - (-5 - (-10 - 5) - 13).
9
What is (94 - 83) + (4 - 14)?
1
What is 168 + -191 - (0 - 30)?
7
What is the value of -12 + (34 - (-6 + 19))?
9
6 + (50 - 47) + 1 + -6
4
15 + (-43 - (-12 + -4))
-12
(2 - (-6 + -1 + 6 - 2)) + -5
0
16 + 6 - (-17 + 36)
3
What is the value of 19 + -42 + 3 + -4 + 3 + 4?
-17
Calculate -7 - (-7 + (5 - (-4 + 8))).
-1
Calculate -5 + 16 + -9 - -7.
9
Evaluate 11 - 24 - -9 - (0 + 1 + -6).
1
Evaluate -12 - (-11 + 9 + 4).
-14
What is (-1 + 2 - (0 + 5)) + 0?
-4
What is 8 + 8 + -6 - (-4 + 32)?
-18
-1285 + 1280 + ((2 - -36) + -1 - 2)
30
What is -3 - (-13 - (14 - 4 - -4))?
24
What is (26 - (14 - -19)) + -3 + (-4 - -4)?
-10
What is the value of -14 + 15 + (8 - 7) + (-1 - -3)?
4
Evaluate 9 + 1 + -11 + (-36 - -38).
1
(-11 - -9) + (-8 - 2 - -26)
14
Evaluate 6 + -32 + 15 + 10.
-1
1 + 8 - ((-8 - 27) + 46)
-2
What is the value of -35 + 18 + 1 + -10?
-26
Calculate 2 - (9 + -30 + 18).
5
-9 + 2 + 1 - (-16 - -22 - 16)
4
What is the value of 5 + -17 - (1 - 8) - 7?
-12
Calculate -3 - ((0 - -2) + (-26 - -35) - 2).
-12
What is the value of -108 + 105 - (-8 + 0) - (3 - 15)?
17
-12 - (-11 + (5 - 0))
-6
What is the value of 11 - ((10 - (-2 + 10)) + -2 + -4)?
15
Calculate 0 + 0 + 14 + 0 + -4.
10
Evaluate 0 + 20 + (-58 - -47).
9
15 + (5 + -4 - 1) - 0
15
What is the value of -5 + (3 + 7 - (-1 + 4))?
2
What is the value of (14 - 2) + (-6 - (49 + -32))?
-11
What is 6 - (-29 + -15 + 28)?
22
What is the value of 12 - (-4 + 28 + -1 + 4)?
-15
Evaluate (1769 - 1771) + (0 - (-1 + -1 - 5)).
5
What is 35 + -33 + 20 + 10 + -2?
30
What is -1 + 15 - (-421 + 420)?
15
What is the value of (-29 - (-81 - -26)) + -19?
7
(-2 - (-2 + 0)) + 12 + (-45 - -51)
18
What is 1 + 3 + (34 - 43 - -13)?
8
Calculate (1 - 3) + -21 - -19.
-4
What is the value of 17 - 1 - (-7 + 7 - -2 - -5)?
9
Calculate -1 + (-26 - 1) + 31 + (135 - 164).
-26
Evaluate 4 - (6 + (10 - -6) - 6).
-12
Evaluate 24 - (6 + 74 + -31).
-25
Calculate 10 - (10 - (4 - 5)).
-1
-8 + 6 + (-3 - (-9 - -2))
2
What is 4 + (0 - -2) + -4 + 18?
20
Evaluate 20 + -43 + 17 + (7 - -2).
3
Evaluate (14 + -9 - (-1 + 7)) + 1 - 9.
-9
What is the value of (4 - 1) + 7 - 22?
-12
-29 + -22 + 50 - 14
-15
12 - (1 - 9) - (12 + -15)
23
What is (58 - 2) + -59 + 1 + 0?
-2
What is the value of -18 + 5 + 18 + 4?
9
What is the value of (5 - (-8 - -3 - (-4 - 0))) + 5?
11
0 + 7 - (4 + 0 + 4 + -12)
11
Calculate (107 - 103) + (13 - -2 - 1).
18
Evaluate 23 + 1 + 3 + (-21 - -15).
21
-31 - -42 - 22 - (1 - 34)
22
(12 - (8 + 1)) + -1 + 1 + -4
-1
(1 - 10) + 361 + -326
26
What is the value of 18 + (-11 - 23) - -29?
13
What is -1 + (1 - 11) - (19 - (-34 - -78))?
14
What is -21 + (11 - -2) - 0?
-8
What is -67 - (-62 - -1) - (-1 + -29)?
24
What is the value of -9 + (4 - 3 - -4) - (1 + 4)?
-9
What is 37 + (277 - 290 - (-7 - -1 - 3))?
33
-18 - ((3 - 20) + 4)
-5
(13 - (10 + -13) - -9) + (8 - 1)
32
What is the value of 9 - (1 + -15) - 10?
13
What is 7 - (11 - 3 - -3 - 11) - 39?
-32
-6 + (-1 - -13) + -8 - 9
-11
Evaluate 3 + -1 + 18 - (15 + -3).
8
Calculate 32 - 1 - (-5 + 19).
17
-14 - -5 - -16 - 20
-13
What is the value of -8 - (11 - (32 + -12))?
1
8 - 0 - (-32 - -32) - (-2 - 4)
14
1 - (14 - 13 - 6 - -7)
-1
What is 6 - (0 - -4) - ((0 - 0) + -3)?
5
Calculate (-17 - 1) + (995 - 975).
2
What is 0 - (13 - (-6 - -15 - -1))?
-3
Calculate -7 + -12 + (-17 - -61).
25
Calculate 0 + -32 + (71 - 45).
-6
What is (-8 - 0 - -8 - -5) + -14?
-9
What is 45 - (45 + 13) - (-1 + -29)?
17
What is 0 + -8 + 12 + -15?
-11
What is the value of 1155 + -1198 + 0 + 32?
-11
14 - (1 + (-7 - -30))
-10
Calculate (-4 + 6 - 24) + 40 + -30.
-12
Evaluate (-21 + 34 - (2 - -1)) + -4.
6
(30 - (6 + 0 + -5)) + -6 + 5
28
Evaluate -7 + (3 - 5) + 7 + 7.
5
Calculate 14 + -7 + 5 + 8 + -13.
7
What is the value of 0 + -2 - (-7 + -1 + -51 + 58)?
-1
Calculate 5 + -5 + -15 + (-2 - -1 - 0).
-16
Evaluate (139 - 139) + (17 - 2) + 10.
25
What is (-4 + 11 - 17) + 3 + 25 + -5?
13
Evaluate -9 + (29 - 22) + 11.
9
Evaluate 7 + -1 + 1 - (9 - -3).
-5
Calculate (-1 + 6 - -1) + -16 + 43 + -32.
1
Calculate 13 + (51 - 38 - (-3 + 9)).
20
Evaluate 23 + (5 + (-3 - 11) - -7 - 5).
16
What is the value of -39 - -22 - 11 - -18?
-10
Evaluate 32 + (-45 - -25) + (7 - 1).
18
3 - (-1 - 3) - (32 - 17)
-8
Evaluate -4 + (4 - 9) + (9 - 6) - 3.
-9
Evaluate 16 + (-5 - (2 - (-4 + (3 - -5)))).
13
What is 2 + 9 - (5 - -12)?
-6
What is the value of (-5 - 11) + 7 + (-1 - (1 - -7))?
-18
Evaluate (2 - (27 - -3) - 0) + -11 + 18.
-21
What is -18 + 1 - (246 - 251)?
-12
What is the value of 1 + 11 + (28 - 23) + -27?
-10
Evaluate (7 - 18) + 3 - -9.
1
What is the value of 49 - ((11 - 44) + 75)?
7
What is the value of 26 + (11 - (25 + -6))?
18
Calculate 83 + -68 + 5 + -33.
-13
What is -7 + ((17 - (3 + 6)) + -17 - -5)?
-11
-4 + (1 - (8 + -8)) + 14
11
What is the value of -4 + 1 - ((-3 - 5) + 17 - 10)?
-2
What is the value of (-1 - 5) + (10 - (-8 - (-15 + -8)))?
-11
What is -6 - (-421 + 416 - (-2 - -1 - -1))?
-1
Evaluate 20 - 13 - (-1 + 3) - (20 + -27).
12
Calculate 1 - 5 - (-3 - -3 - (-10 + 6)).
-8
-25 - (9 + -17 + 13)
-30
What is 7 + -14 + -11 + 24?
6
What is the value of 1 - 4 - (12 + (-12 - -9) + 0)?
-12
What is 3 - ((2 - -8) + -1) - (-7 - 1)?
2
What is the value of -7 + (-6 + (6 - (-6 - -10)) - 4)?
-15
45 + -52 + (-1 - (0 - -12)) + 6
-14
What is the value of 1 - (-25 + 1 + (107 - 98))?
16
What is 9 + (-1 - -4) + -9 + 2?
5
What is -1 - (35 + 24 + -56 - (1 + -13))?
-16
What is the value of 12 - (-3 - -19) - 7?
-11
What is the value of 23 + -35 + 5 + -2 + 6?
-3
What is the value of 14 + (-22 - (-6 - -2))?
-4
What is the value of 8 + 28 + -42 + (-11 - -1 - 0)?
-16
What is -22 - -1 - (-8 - 0 - (-320 - -316))?
-17
What is the value of 1 - 0 - 13 - (-104 + (43 - -41))?
8
-7 + -9 - (5 - 2 - 10)
-9
What is the value of -32 - -18 - (-30 - 1)?
17
Calculate -6 + 0 + 2 + -3 + -5 + 5.
-7
Evaluate 4 + -20 - (1 - (1 - (-6 - -3))).
-13
Calculate -15 - (-10 + (-2 - -11) - 7).
-7
What is 16 + 3 + -16 + -11?
-8
Calculate -534 - -538 - (11 + (2 - 2)) - -41.
34
What is the value of -18 + -21 + 44 + (-6 - (1 - 2))